11100
-60d6 (base 14) to base 5
-1013102
What is 39688 (base 10) in base 4?
21230020
101001110111010 (base 2) to base 6
243122
286 (base 12) to base 7
1065
What is 3ba2 (base 12) in base 7?
26042
-41780 (base 9) to base 11
-19822
-d3 (base 14) to base 2
-10111001
Convert -10014 (base 5) to base 13.
-39a
144 (base 13) to base 15
100
Convert 138e (base 16) to base 3.
20212102
Convert -1002022 (base 3) to base 16.
-317
182 (base 14) to base 13
1ab
Convert 30 (base 12) to base 15.
26
What is 484 (base 10) in base 6?
2124
-11 (base 10) to base 14
-b
Convert 1455 (base 9) to base 10.
1103
-235 (base 13) to base 14
-1d4
-25522 (base 9) to base 7
-101060
Convert -161 (base 14) to base 11.
-236
-1110110100101 (base 2) to base 12
-4485
What is -115101 (base 7) in base 4?
-11013231
What is -4aa (base 14) in base 2?
-1110100110
What is -45610 (base 8) in base 7?
-110242
-405b (base 16) to base 13
-7664
What is -21d (base 14) in base 6?
-1535
Convert 3013 (base 5) to base 12.
27b
-247 (base 10) to base 3
-100011
Convert 121022101 (base 3) to base 7.
46444
Convert -5799 (base 14) to base 9.
-22788
Convert 7243 (base 8) to base 9.
5123
Convert 7315 (base 16) to base 3.
1111102011
What is 26251 (base 12) in base 8?
145735
What is -120 (base 3) in base 7?
-21
What is 21424 (base 5) in base 2?
10111010001
What is -210322 (base 4) in base 12?
-144a
796 (base 14) to base 13
8b9
What is -100110 (base 2) in base 7?
-53
What is 31542 (base 6) in base 15?
1425
What is 2021111 (base 3) in base 5?
23120
What is 197 (base 10) in base 11?
16a
Convert -20246 (base 9) to base 6.
-141410
3343 (base 5) to base 6
2105
-101011110010000 (base 2) to base 5
-1204131
Convert -1197 (base 13) to base 2.
-100110111010
Convert -11626 (base 10) to base 7.
-45616
What is -3023 (base 4) in base 14?
-107
Convert 6668 (base 9) to base 7.
20231
Convert 200200 (base 3) to base 9.
620
-412 (base 10) to base 13
-259
Convert 4e2 (base 15) to base 8.
2130
What is -10a (base 11) in base 15?
-8b
18610 (base 10) to base 8
44262
Convert 12122 (base 3) to base 9.
178
What is -43056 (base 10) in base 13?
-167a0
What is -2211303 (base 4) in base 12?
-6183
What is 167b (base 15) in base 2?
1001011101001
10111101101100 (base 2) to base 13
56ab
Convert 3238 (base 16) to base 14.
4984
What is -23264 (base 7) in base 14?
-226b
-303011 (base 5) to base 10
-9756
What is 174 (base 16) in base 6?
1420
What is -31050 (base 6) in base 13?
-1b60
-10321302 (base 4) to base 8
-47162
Convert 2b9 (base 16) to base 9.
854
What is -221140 (base 5) in base 4?
-1313312
What is 1121110 (base 3) in base 16?
495
What is 6415 (base 14) in base 9?
25615
13550 (base 9) to base 15
2ad3
Convert -60506 (base 7) to base 5.
-432112
-7261 (base 8) to base 3
-12011022
What is -2522 (base 6) in base 5?
-10001
-546 (base 11) to base 5
-10110
Convert -10122022020 (base 3) to base 8.
-213760
10001101001101 (base 2) to base 12
5291
Convert 437 (base 15) to base 7.
2530
Convert -9046 (base 10) to base 8.
-21526
-424 (base 11) to base 8
-776
Convert 853 (base 10) to base 8.
1525
Convert -1022102 (base 4) to base 7.
-16601
What is -131320 (base 6) in base 14?
-4532
What is 202 (base 9) in base 2?
10100100
-1212332 (base 4) to base 8
-14676
What is -930 (base 16) in base 6?
-14520
Convert -566 (base 9) to base 14.
-253
Convert 8184 (base 9) to base 7.
23314
1032252 (base 6) to base 8
143610
What is -20587 (base 10) in base 11?
-14516
15073 (base 10) to base 12
8881
What is -253a (base 11) in base 12?
-1aba
-18688 (base 9) to base 5
-403314
Convert 22000110 (base 3) to base 10.
5844
2326 (base 7) to base 8
1525
What is -3e (base 15) in base 14?
-43
Convert 139cc (base 13) to base 7.
212260
Convert 345054 (base 6) to base 11.
20293
Convert -2401 (base 6) to base 12.
-401
What is 10011010001 (base 2) in base 13?
73b
Convert 19406 (base 13) to base 5.
3032031
Convert 1132 (base 7) to base 12.
2a7
Convert -110100101000 (base 2) to base 3.
-11121202
What is a50 (base 15) in base 13?
109b
What is 9505 (base 11) in base 4?
3010231
Convert 1997b (base 12) to base 14.
da35
Convert 2346 (base 11) to base 12.
1943
Convert -100303 (base 7) to base 12.
-9991
-21430 (base 7) to base 2
-1010011110010
352450 (base 6) to base 8
73316
24603 (base 7) to base 16
1947
-135d (base 15) to base 3
-12200021
-eb0f (base 16) to base 5
-3411200
What is 1101000011101 (base 2) in base 3?
100011121
-a0 (base 14) to base 11
-118
What is 104153 (base 9) in base 2?
1111001010001110
3696 (base 11) to base 13
2271
Convert -141240 (base 6) to base 11.
-9a76
-10100100100 (base 2) to base 13
-7a3
What is 52 (base 15) in base 16?
4d
-1011111000 (base 2) to base 10
-760
Convert -1102210 (base 3) to base 5.
-13142
What is 1131 (base 4) in base 9?
113
1000120210 (base 3) to base 4
10322031
Convert 2310131 (base 4) to base 7.
45446
Convert -1100002200 (base 3) to base 11.
-18854
What is 172a (base 16) in base 9?
8118
Convert 2077 (base 9) to base 3.
2002121
What is -1a397 (base 11) in base 7?
-145600
Convert 4b35 (base 15) to base 6.
202105
54523 (base 6) to base 11
5734
What is -227166 (base 8) in base 10?
-77430
-132333 (base 4) to base 5
-30413
What is 64d9 (base 15) in base 7?
116154
Convert 21331 (base 6) to base 15.
d0a
-80070 (base 10) to base 2
-10011100011000110
10101010011010 (base 2) to base 4
2222122
What is 2985 (base 12) in base 15?
1688
Convert -12ee (base 15) to base 6.
-30425
-1626 (base 13) to base 8
-6253
415144 (base 6) to base 3
1201000101
What is 2734 (base 9) in base 13?
c22
What is 2043 (base 5) in base 7?
540
10012 (base 5) to base 10
632
Convert -37871 (base 9) to base 4.
-12032122
What is -674 (base 8) in base 16?
-1bc
-3450 (base 8) to base 12
-1088
Convert -112211212 (base 3) to base 4.
-2221013
What is 4420 (base 13) in base 11?
7148
10101001010 (base 2) to base 13
802
What is 3008 (base 10) in base 16?
bc0
What is -8652 (base 14) in base 15?
-6d1a
Convert 90 (base 13) to base 12.
99
-11021220 (base 3) to base 8
-6071
-339 (base 16) to base 14
-42d
What is -831 (base 14) in base 10?
-1611
234 (base 5) to base 15
49
What is -783 (base 9) in base 16?
-282
What is -101110101100110 (base 2) in base 4?
-11311212
Convert 1130 (base 12) to base 4.
131310
-55362 (base 10) to base 4
-31201002
What is -22350 (base 13) in base 4?
-33022020
-1102220 (base 3) to base 10
-1050
37098 (base 12) to base 16
122b4
What is -210021 (base 4) in base 9?
-3150
What is -120000222 (base 3) in base 12?
-6415
Convert 164 (base 7) to base 15.
65
-124244 (base 6) to base 16
-2c44
What is 1031012 (base 5) in base 7?
102256
Convert 1111010010 (base 2) to base 7.
2565
Convert -106036 (base 7) to base 6.
-223244
Convert -1325 (base 6) to base 8.
-525
What is 10021 (base 3) in base 7?
154
Convert -5dc (base 15) to base 5.
-20312
Convert 213522 (base 6) to base 3.
220021012
Convert 4420 (base 8) to base 10.
2320
-19a (base 11) to base 3
-22112
Convert 2324 (base 7) to base 11.
704
853 (base 16) to base 10
2131
What is -aa2 (base 11) in base 9?
-1728
What is -6a43 (base 14) in base 10?
-18483
Convert -1552 (base 7) to base 13.
-391
Convert -1010000111010 (base 2) to base 13.
-2484
Convert -646 (base 15) to base 2.
-10110001000
Convert -684 (base 9) to base 15.
-277
Convert 477d (base 14) to base 9.
18073
-323202 (base 4) to base 9
-5203
What is -a26 (base 11) in base 12?
-872
-84e (base 16) to base 4
-201032
1836 (base 10) to base 16
72c
7b5 (base 14) to base 10
1531
What is 1192 (base 13) in base 10?
2485
26 (base 11) to base 7
40
Convert -478 (base 15) to base 5.
-13023
What is -719 (base 15) in base 6?
-11223
-14164 (base 9) to base 5
-301431
Convert 1a1 (base 13) to base 14.
176
Convert -102112002 (base 3) to base 9.
-12462
What is 2221201 (base 3) in base 9?
2851
-52d (base 15) to base 6
-5224
What is -4284 (base 9) in base 6?
-22334
Convert 1335 (base 6) to base 9.
425
3003 (base 6) to base 15
2d6
Convert 2e5 (base 16) to base 8.
1345
Convert -15978 (base 15) to base 4.
-101000012
Convert -110110000111011 (base 2) to base 11.
-198a9
1273 (base 12) to base 7
6063
Convert -b05 (base 13) to base 5.
-24424
What is 20101 (base 3) in base 10?
172
Convert 57b (base 14) to base 3.
1111100
What is 2603 (base 7) in base 16?
3d7
Convert 16a (base 13) to base 11.
214
1100101101010 (base 2) to ba